. What is the greatest common factor of n and b?
4
Let n = 110 - 25. Suppose 80 = 2*i + 6*r - 2*r, 3*r + 93 = 3*i. Calculate the greatest common factor of n and i.
17
Let o = 12 + -20. Let s(a) = -a**2 - 8*a + 3. Let n be s(o). Suppose n*x = -4*x + 455. Calculate the highest common divisor of x and 13.
13
Let g(z) = 3*z + 4. Let d(a) = 2*a**3 - 3*a**2 - 4*a + 2. Let f be d(3). Let c = 20 - f. Let h be g(c). What is the highest common factor of 117 and h?
13
Let g(f) = f**3 + 9*f**2 + 7*f - 3. Let u be g(-8). Let x be (-8613)/(-108) - (0 - (-2)/(-8)). What is the highest common factor of x and u?
5
Suppose 2*q - 5 + 7 = 0. Let b(w) = w**3 + 6*w**2 - 6*w + 2. Let a be b(-5). Let y = a + q. Calculate the greatest common divisor of 7 and y.
7
Let p be 460/5 - (-1 - 0/3). What is the highest common divisor of p and 465?
93
Let g be (-4 + 20/4)*27. Let s = 30 - g. Let b = -2 - -5. What is the greatest common divisor of s and b?
3
Suppose u = 6 - 5. Let z = 78 - 44. Let b = 43 - z. What is the greatest common divisor of u and b?
1
Let h be 19 - 16 - (-1 + -8). Suppose -7*c = -c - h. Suppose -5*i + c*i + 51 = 0. What is the highest common divisor of i and 187?
17
Suppose 2*y + 45 - 13 = -h, 5*y - 3*h + 58 = 0. Let o(x) = -x - 3. Let m be o(y). What is the greatest common factor of m and 11?
11
Let k = 431 + -429. Calculate the greatest common divisor of k and 58.
2
Let x = 1418 + -1098. What is the highest common divisor of 20 and x?
20
Let w(l) = -12*l + 3. Let d = 2 + -1. Suppose -5*q - r = 12, 0 = q - 2*r - d - 1. Let j be w(q). Calculate the highest common divisor of 9 and j.
9
Let l = 95 - 77. Let j = 26 + l. Calculate the highest common divisor of 4 and j.
4
Let b = -12 - -21. Let f(t) = -2*t + 21. Let p be f(9). Let d(k) = 3*k**3 - 4*k**2 + 7*k - 3. Let c be d(p). What is the greatest common factor of c and b?
9
Suppose -25*n + 136 = -17*n. What is the greatest common factor of 153 and n?
17
Suppose -3*q + 154 = -q - 4*z, -4*q + 308 = -z. Suppose 115 = 12*r - q. What is the highest common factor of r and 32?
16
Let k(z) = 2*z**2 - 4*z. Let v be k(5). Let n be (-2)/12 + -3*(-46)/(-36). Let i be ((-189)/n)/(-21)*(-32)/6. What is the highest common factor of v and i?
6
Let j be ((-10)/2)/((-2)/4). Let v be 15/(-10)*(-8)/3. Suppose -106 = -5*x + v*x + 4*m, x = -4*m + 114. Calculate the greatest common factor of x and j.
10
Let k(q) = -3*q**3 + q - 1. Let i(g) = -g**2 - 12*g + 10. Suppose 0 = j + 1 + 12. Let a be i(j). Let n be k(a). What is the highest common factor of n and 7?
7
Suppose 20*i = 8*i + 12972. Calculate the greatest common divisor of i and 23.
23
Let u(i) = -i**3 + 4*i**2 + i + 16. Let p be u(5). Let z(s) = -8*s - 15. Let v be z(p). Calculate the highest common factor of v and 51.
17
Suppose -7*i = -i - 12. Let g be (48/3)/(i/80*4). Calculate the greatest common factor of g and 20.
20
Suppose -4*x + 135 = -117. Suppose -9*j + 0*j + x = 0. What is the highest common divisor of 28 and j?
7
Suppose -4*r - r - 5*s = -110, 0 = -r - 5*s + 46. Let c be 2/9 + (-858)/(-27). Calculate the highest common divisor of c and r.
16
Suppose -3*t = k - 60, 4*t - 120 = -2*k + 3*t. Calculate the highest common factor of k and 60.
60
Let c = -4 - 3. Let y = 13 + c. Calculate the highest common divisor of y and 3.
3
Suppose -3*k + 9 = 0, 5*v = -2*k + 111 + 30. What is the highest common divisor of 270 and v?
27
Let n = 152 - -280. Calculate the highest common factor of 27 and n.
27
Let k be 1 + -3 + (14 - 17). Let a be (-12)/k*4 - (-32)/80. Suppose 4*c - 20 = -2*u, 5*u - 4*c = -0*c + 120. Calculate the highest common factor of u and a.
10
Let q(d) = -11*d - 38. Let z(i) = 2*i**3 - 16*i**2 - 2*i + 8. Let u be z(8). Let s be q(u). What is the highest common factor of 125 and s?
25
Let p be -2 - -2*(0 - -1). Let j be 3*(-6)/(-1) + p. Let x be 7 - 3 - 3 - -71. Calculate the greatest common factor of x and j.
18
Let s(w) = -7*w - 323. Let a be s(-53). What is the highest common factor of 3 and a?
3
Let s = 156 - 93. Suppose u - 4*u = -s. Suppose 2*o - u = 3. What is the highest common factor of o and 108?
12
Suppose 0 = -0*u - 3*u, -3*x - 4*u = 6. Let z be x/6 - (-1205)/15. What is the greatest common factor of z and 10?
10
Let n(a) = -a**2 - 2*a - 183. Let x be n(0). Let d be (x/(-12) - 0) + 2/(-8). Let u = 85 + -55. Calculate the greatest common factor of u and d.
15
Suppose y = 4*y - 42. Let n(b) = b**2 + 2*b - 10. Let s be n(-6). Let m be s/(-3)*3*-1. Calculate the greatest common divisor of y and m.
14
Suppose -283*q = -287*q + 20. What is the greatest common factor of 115 and q?
5
Suppose 0*p = -3*p. Suppose -3*w - 16 = -4*t + 3*t, p = -w - 3. Calculate the greatest common factor of t and 7.
7
Let f(k) = k**2 - 7*k + 16. Let p be f(16). Suppose 5*r - r = p. Calculate the greatest common factor of r and 5.
5
Let h(p) = -256*p + 1282. Let z be h(5). Let n be 17/4 + (-1)/4. Suppose 4*u = 5*u - n. Calculate the greatest common factor of z and u.
2
Suppose -c + 4*c - 47 = 5*q, -5*q - 95 = -5*c. Calculate the greatest common factor of c and 32.
8
Suppose -71*o = -73*o + 984. Calculate the highest common divisor of 60 and o.
12
Suppose o - 161 = -4*a, -2*o + 35 = -2*a + 3*a. Let f be 2*12/8 + a. Calculate the highest common divisor of f and 11.
11
Suppose -3*h = -246*h - 8*h + 5522. Let f = 9 - 5. Let p be f*22*(-2 + 3). Calculate the highest common factor of h and p.
22
Let x be (-65)/(-15) + 4/6. Suppose x*q + 58 = 4*n - 22, -q + 104 = 4*n. What is the greatest common divisor of n and 10?
5
Suppose 0 = -x + 3*q - 1, 5*x - 66 = x - 2*q. Let m be ((-21)/5*2)/((-5)/25). What is the highest common divisor of x and m?
14
Suppose -3*c + 3*r + 45 = 0, 0 = 4*c - r - 48 - 21. What is the highest common factor of 234 and c?
18
Suppose -5*t - 130 = -4*f, -3*t - 85 = 3*f + 20. Let s = 46 + t. Calculate the highest common divisor of s and 40.
8
Suppose -3*y - 2 = -3*t + 4, 0 = -4*y + 3*t - 6. Let k = 11 + y. Suppose -4*a + 4*o = -184, -4 = -0*o + 2*o. What is the highest common divisor of a and k?
11
Let i be 1*(-95 - 3) + 0 + -1. Let h = i + 194. Calculate the highest common factor of 38 and h.
19
Suppose 3*y = 28 + 137. Let o = 13 + -7. Let h(n) = -n**3 + 5*n**2 + 6*n + 5. Let t be h(o). What is the greatest common divisor of t and y?
5
Suppose z - 2 = 0, c = -3*c - 5*z + 714. Calculate the highest common factor of 44 and c.
44
Suppose 3*v - i = 43, 0*i = -5*v + 4*i + 60. What is the greatest common divisor of v and 128?
16
Suppose 5*p + 485 = 5*y, 4*p + 3*y = -379 - 2. Let w = 192 + p. Calculate the highest common factor of 12 and w.
12
Suppose 3*l = -3*j - 2*j - 3, 0 = 5*l - 4*j - 32. Let k be (-3 - -2)/(l/(-32)). Calculate the highest common factor of k and 6.
2
Let g be 1*(-1 - 2)*-4. Suppose 787 - 55 = 12*r. Suppose 2*j + 5*x - r = 19, -5*j = x - 154. Calculate the greatest common divisor of g and j.
6
Let z be (-1)/(-2) - (69/(-6) - -7). Let j = 2 + -1. Let g be 0/(3/1) + j. What is the greatest common factor of g and z?
1
Let d = 18 + -18. Suppose -m + 2*a + 19 = -d, -2*m + a = -26. What is the greatest common divisor of 77 and m?
11
Let b = -221 - -424. Calculate the highest common divisor of 145 and b.
29
Let h = -45 + 75. Calculate the greatest common factor of 75 and h.
15
Suppose a - 22 = -r, 4*r = a - 16 - 16. Suppose -o = -3*o + a. What is the greatest common divisor of o and 60?
12
Let u(g) = -g**3 - g**2 + 7*g - 8. Let n(x) = 4*x + 4. Let a be n(-3). Let k be u(a). Calculate the highest common divisor of k and 48.
48
Suppose -142 - 453 = -7*i. Calculate the highest common divisor of 272 and i.
17
Suppose -5*h = -o + 1, -3*h = -2*o + 21 + 9. What is the highest common factor of o and 77?
7
Let q = -1834 - -2191. What is the highest common factor of q and 561?
51
Let s be (-33)/((-222)/(-16465)*10/(-4)). What is the highest common divisor of 89 and s?
89
Let m = 1554 + -1239. Suppose -5*u - 2*a = -5*a - 169, 8 = 4*a. Calculate the highest common factor of u and m.
35
Let b(f) = -f**3 - f**2 + 42*f + 2. Let g be b(6). Calculate the greatest common divisor of 5 and g.
1
Suppose -4*n + 39 = s, 22*s - 18*s = -3*n + 39. What is the greatest common divisor of 21 and n?
3
Suppose 0 = 5*j - j - 100. Let m = -36 + 36. Suppose 5*k - 62 = -3*h, 5*h - 50 = -3*k - 